{"id":1762,"date":"2015-11-03T11:18:16","date_gmt":"2015-11-03T10:18:16","guid":{"rendered":"https:\/\/www.naturkultur.no\/de\/produkt\/perles-de-silence-fransk\/"},"modified":"2015-11-03T12:56:09","modified_gmt":"2015-11-03T11:56:09","slug":"perles-de-silence-fransk","status":"publish","type":"product","link":"https:\/\/www.naturkultur.no\/de\/produkt\/perles-de-silence-fransk\/","title":{"rendered":"Perles De Silence (franz\u00f6sisch)"},"content":{"rendered":"<p>Dans notre quotidien bouscul\u00e9, nous recherchons\u00a0le calme dans le silence de la nature.\u00a0L\u00e0, nous trouvons le temps de nous reposer et de m\u00e9diter.\u00a0Durant des si\u00e8cles, ces paysages infinis du nord ont inspir\u00e9 les po\u00e8tes en<br \/>\nqu\u00eate de r\u00e9ponses aux grandes questions de la vie\u00a0Et \u00e0 la recherche de l\u2019expression de la beaut\u00e9 de l\u2019instant.<\/p>\n","protected":false},"excerpt":{"rendered":"<p>Un cheminement dans le silence de la nature<\/p>\n","protected":false},"featured_media":3539,"template":"","meta":[],"product_brand":[],"product_cat":[73,56],"product_tag":[],"class_list":{"0":"post-1762","1":"product","2":"type-product","3":"status-publish","4":"has-post-thumbnail","6":"product_cat-der-stille-raum","7":"product_cat-suvenirboeker-de","9":"first","10":"instock","11":"shipping-taxable","12":"purchasable","13":"product-type-simple"},"yoast_head":"<!-- This site is optimized with the Yoast SEO plugin v27.5 - https:\/\/yoast.com\/product\/yoast-seo-wordpress\/ -->\n<title>Perles De Silence (franz\u00f6sisch) - Natur og Kulturforlaget<\/title>\n<meta name=\"robots\" content=\"index, follow, max-snippet:-1, max-image-preview:large, max-video-preview:-1\" \/>\n<link rel=\"canonical\" href=\"https:\/\/www.naturkultur.no\/de\/produkt\/perles-de-silence-fransk\/\" \/>\n<meta property=\"og:locale\" content=\"de_DE\" \/>\n<meta property=\"og:type\" content=\"article\" \/>\n<meta property=\"og:title\" content=\"Perles De Silence (franz\u00f6sisch) - Natur og Kulturforlaget\" \/>\n<meta property=\"og:description\" content=\"Un cheminement dans le silence de la nature\" \/>\n<meta property=\"og:url\" content=\"https:\/\/www.naturkultur.no\/de\/produkt\/perles-de-silence-fransk\/\" \/>\n<meta property=\"og:site_name\" content=\"Natur og Kulturforlaget\" \/>\n<meta property=\"article:modified_time\" content=\"2015-11-03T11:56:09+00:00\" \/>\n<meta property=\"og:image\" content=\"https:\/\/www.naturkultur.no\/wp-content\/uploads\/2015\/12\/10003_Perler_fransk.jpg\" \/>\n\t<meta property=\"og:image:width\" content=\"800\" \/>\n\t<meta property=\"og:image:height\" content=\"755\" \/>\n\t<meta property=\"og:image:type\" content=\"image\/jpeg\" \/>\n<meta name=\"twitter:card\" content=\"summary_large_image\" \/>\n<script type=\"application\/ld+json\" class=\"yoast-schema-graph\">{\"@context\":\"https:\\\/\\\/schema.org\",\"@graph\":[{\"@type\":\"WebPage\",\"@id\":\"https:\\\/\\\/www.naturkultur.no\\\/de\\\/produkt\\\/perles-de-silence-fransk\\\/\",\"url\":\"https:\\\/\\\/www.naturkultur.no\\\/de\\\/produkt\\\/perles-de-silence-fransk\\\/\",\"name\":\"Perles De Silence (franz\u00f6sisch) - Natur og Kulturforlaget\",\"isPartOf\":{\"@id\":\"https:\\\/\\\/www.naturkultur.no\\\/de\\\/#website\"},\"primaryImageOfPage\":{\"@id\":\"https:\\\/\\\/www.naturkultur.no\\\/de\\\/produkt\\\/perles-de-silence-fransk\\\/#primaryimage\"},\"image\":{\"@id\":\"https:\\\/\\\/www.naturkultur.no\\\/de\\\/produkt\\\/perles-de-silence-fransk\\\/#primaryimage\"},\"thumbnailUrl\":\"https:\\\/\\\/www.naturkultur.no\\\/wp-content\\\/uploads\\\/2015\\\/12\\\/10003_Perler_fransk.jpg\",\"datePublished\":\"2015-11-03T10:18:16+00:00\",\"dateModified\":\"2015-11-03T11:56:09+00:00\",\"breadcrumb\":{\"@id\":\"https:\\\/\\\/www.naturkultur.no\\\/de\\\/produkt\\\/perles-de-silence-fransk\\\/#breadcrumb\"},\"inLanguage\":\"de\",\"potentialAction\":[{\"@type\":\"ReadAction\",\"target\":[\"https:\\\/\\\/www.naturkultur.no\\\/de\\\/produkt\\\/perles-de-silence-fransk\\\/\"]}]},{\"@type\":\"ImageObject\",\"inLanguage\":\"de\",\"@id\":\"https:\\\/\\\/www.naturkultur.no\\\/de\\\/produkt\\\/perles-de-silence-fransk\\\/#primaryimage\",\"url\":\"https:\\\/\\\/www.naturkultur.no\\\/wp-content\\\/uploads\\\/2015\\\/12\\\/10003_Perler_fransk.jpg\",\"contentUrl\":\"https:\\\/\\\/www.naturkultur.no\\\/wp-content\\\/uploads\\\/2015\\\/12\\\/10003_Perler_fransk.jpg\",\"width\":800,\"height\":755},{\"@type\":\"BreadcrumbList\",\"@id\":\"https:\\\/\\\/www.naturkultur.no\\\/de\\\/produkt\\\/perles-de-silence-fransk\\\/#breadcrumb\",\"itemListElement\":[{\"@type\":\"ListItem\",\"position\":1,\"name\":\"Hjem\",\"item\":\"https:\\\/\\\/www.naturkultur.no\\\/de\\\/\"},{\"@type\":\"ListItem\",\"position\":2,\"name\":\"Shop\",\"item\":\"https:\\\/\\\/www.naturkultur.no\\\/de\\\/shop\\\/\"},{\"@type\":\"ListItem\",\"position\":3,\"name\":\"bucher\",\"item\":\"https:\\\/\\\/www.naturkultur.no\\\/de\\\/produkt-kategorie\\\/bucher\\\/\"},{\"@type\":\"ListItem\",\"position\":4,\"name\":\"Souvenirb\u00fccher\",\"item\":\"https:\\\/\\\/www.naturkultur.no\\\/de\\\/produkt-kategorie\\\/bucher\\\/suvenirboeker-de\\\/\"},{\"@type\":\"ListItem\",\"position\":5,\"name\":\"Der Stille Raum\",\"item\":\"https:\\\/\\\/www.naturkultur.no\\\/de\\\/produkt-kategorie\\\/bucher\\\/suvenirboeker-de\\\/der-stille-raum\\\/\"},{\"@type\":\"ListItem\",\"position\":6,\"name\":\"Perles De Silence (franz\u00f6sisch)\"}]},{\"@type\":\"WebSite\",\"@id\":\"https:\\\/\\\/www.naturkultur.no\\\/de\\\/#website\",\"url\":\"https:\\\/\\\/www.naturkultur.no\\\/de\\\/\",\"name\":\"Natur og Kulturforlaget\",\"description\":\"B\u00f8ker, plakater og postkort av vakre Norge\",\"publisher\":{\"@id\":\"https:\\\/\\\/www.naturkultur.no\\\/de\\\/#organization\"},\"potentialAction\":[{\"@type\":\"SearchAction\",\"target\":{\"@type\":\"EntryPoint\",\"urlTemplate\":\"https:\\\/\\\/www.naturkultur.no\\\/de\\\/?s={search_term_string}\"},\"query-input\":{\"@type\":\"PropertyValueSpecification\",\"valueRequired\":true,\"valueName\":\"search_term_string\"}}],\"inLanguage\":\"de\"},{\"@type\":\"Organization\",\"@id\":\"https:\\\/\\\/www.naturkultur.no\\\/de\\\/#organization\",\"name\":\"Natur og Kulturforlaget AS\",\"url\":\"https:\\\/\\\/www.naturkultur.no\\\/de\\\/\",\"logo\":{\"@type\":\"ImageObject\",\"inLanguage\":\"de\",\"@id\":\"https:\\\/\\\/www.naturkultur.no\\\/de\\\/#\\\/schema\\\/logo\\\/image\\\/\",\"url\":\"https:\\\/\\\/www.naturkultur.no\\\/wp-content\\\/uploads\\\/2015\\\/12\\\/2015_Nylogo_web.png\",\"contentUrl\":\"https:\\\/\\\/www.naturkultur.no\\\/wp-content\\\/uploads\\\/2015\\\/12\\\/2015_Nylogo_web.png\",\"width\":350,\"height\":58,\"caption\":\"Natur og Kulturforlaget AS\"},\"image\":{\"@id\":\"https:\\\/\\\/www.naturkultur.no\\\/de\\\/#\\\/schema\\\/logo\\\/image\\\/\"}}]}<\/script>\n<!-- \/ Yoast SEO plugin. -->","yoast_head_json":{"title":"Perles De Silence (franz\u00f6sisch) - Natur og Kulturforlaget","robots":{"index":"index","follow":"follow","max-snippet":"max-snippet:-1","max-image-preview":"max-image-preview:large","max-video-preview":"max-video-preview:-1"},"canonical":"https:\/\/www.naturkultur.no\/de\/produkt\/perles-de-silence-fransk\/","og_locale":"de_DE","og_type":"article","og_title":"Perles De Silence (franz\u00f6sisch) - Natur og Kulturforlaget","og_description":"Un cheminement dans le silence de la nature","og_url":"https:\/\/www.naturkultur.no\/de\/produkt\/perles-de-silence-fransk\/","og_site_name":"Natur og Kulturforlaget","article_modified_time":"2015-11-03T11:56:09+00:00","og_image":[{"width":800,"height":755,"url":"https:\/\/www.naturkultur.no\/wp-content\/uploads\/2015\/12\/10003_Perler_fransk.jpg","type":"image\/jpeg"}],"twitter_card":"summary_large_image","schema":{"@context":"https:\/\/schema.org","@graph":[{"@type":"WebPage","@id":"https:\/\/www.naturkultur.no\/de\/produkt\/perles-de-silence-fransk\/","url":"https:\/\/www.naturkultur.no\/de\/produkt\/perles-de-silence-fransk\/","name":"Perles De Silence (franz\u00f6sisch) - Natur og Kulturforlaget","isPartOf":{"@id":"https:\/\/www.naturkultur.no\/de\/#website"},"primaryImageOfPage":{"@id":"https:\/\/www.naturkultur.no\/de\/produkt\/perles-de-silence-fransk\/#primaryimage"},"image":{"@id":"https:\/\/www.naturkultur.no\/de\/produkt\/perles-de-silence-fransk\/#primaryimage"},"thumbnailUrl":"https:\/\/www.naturkultur.no\/wp-content\/uploads\/2015\/12\/10003_Perler_fransk.jpg","datePublished":"2015-11-03T10:18:16+00:00","dateModified":"2015-11-03T11:56:09+00:00","breadcrumb":{"@id":"https:\/\/www.naturkultur.no\/de\/produkt\/perles-de-silence-fransk\/#breadcrumb"},"inLanguage":"de","potentialAction":[{"@type":"ReadAction","target":["https:\/\/www.naturkultur.no\/de\/produkt\/perles-de-silence-fransk\/"]}]},{"@type":"ImageObject","inLanguage":"de","@id":"https:\/\/www.naturkultur.no\/de\/produkt\/perles-de-silence-fransk\/#primaryimage","url":"https:\/\/www.naturkultur.no\/wp-content\/uploads\/2015\/12\/10003_Perler_fransk.jpg","contentUrl":"https:\/\/www.naturkultur.no\/wp-content\/uploads\/2015\/12\/10003_Perler_fransk.jpg","width":800,"height":755},{"@type":"BreadcrumbList","@id":"https:\/\/www.naturkultur.no\/de\/produkt\/perles-de-silence-fransk\/#breadcrumb","itemListElement":[{"@type":"ListItem","position":1,"name":"Hjem","item":"https:\/\/www.naturkultur.no\/de\/"},{"@type":"ListItem","position":2,"name":"Shop","item":"https:\/\/www.naturkultur.no\/de\/shop\/"},{"@type":"ListItem","position":3,"name":"bucher","item":"https:\/\/www.naturkultur.no\/de\/produkt-kategorie\/bucher\/"},{"@type":"ListItem","position":4,"name":"Souvenirb\u00fccher","item":"https:\/\/www.naturkultur.no\/de\/produkt-kategorie\/bucher\/suvenirboeker-de\/"},{"@type":"ListItem","position":5,"name":"Der Stille Raum","item":"https:\/\/www.naturkultur.no\/de\/produkt-kategorie\/bucher\/suvenirboeker-de\/der-stille-raum\/"},{"@type":"ListItem","position":6,"name":"Perles De Silence (franz\u00f6sisch)"}]},{"@type":"WebSite","@id":"https:\/\/www.naturkultur.no\/de\/#website","url":"https:\/\/www.naturkultur.no\/de\/","name":"Natur og Kulturforlaget","description":"B\u00f8ker, plakater og postkort av vakre Norge","publisher":{"@id":"https:\/\/www.naturkultur.no\/de\/#organization"},"potentialAction":[{"@type":"SearchAction","target":{"@type":"EntryPoint","urlTemplate":"https:\/\/www.naturkultur.no\/de\/?s={search_term_string}"},"query-input":{"@type":"PropertyValueSpecification","valueRequired":true,"valueName":"search_term_string"}}],"inLanguage":"de"},{"@type":"Organization","@id":"https:\/\/www.naturkultur.no\/de\/#organization","name":"Natur og Kulturforlaget AS","url":"https:\/\/www.naturkultur.no\/de\/","logo":{"@type":"ImageObject","inLanguage":"de","@id":"https:\/\/www.naturkultur.no\/de\/#\/schema\/logo\/image\/","url":"https:\/\/www.naturkultur.no\/wp-content\/uploads\/2015\/12\/2015_Nylogo_web.png","contentUrl":"https:\/\/www.naturkultur.no\/wp-content\/uploads\/2015\/12\/2015_Nylogo_web.png","width":350,"height":58,"caption":"Natur og Kulturforlaget AS"},"image":{"@id":"https:\/\/www.naturkultur.no\/de\/#\/schema\/logo\/image\/"}}]}},"_links":{"self":[{"href":"https:\/\/www.naturkultur.no\/de\/wp-json\/wp\/v2\/product\/1762","targetHints":{"allow":["GET"]}}],"collection":[{"href":"https:\/\/www.naturkultur.no\/de\/wp-json\/wp\/v2\/product"}],"about":[{"href":"https:\/\/www.naturkultur.no\/de\/wp-json\/wp\/v2\/types\/product"}],"wp:featuredmedia":[{"embeddable":true,"href":"https:\/\/www.naturkultur.no\/de\/wp-json\/wp\/v2\/media\/3539"}],"wp:attachment":[{"href":"https:\/\/www.naturkultur.no\/de\/wp-json\/wp\/v2\/media?parent=1762"}],"wp:term":[{"taxonomy":"product_brand","embeddable":true,"href":"https:\/\/www.naturkultur.no\/de\/wp-json\/wp\/v2\/product_brand?post=1762"},{"taxonomy":"product_cat","embeddable":true,"href":"https:\/\/www.naturkultur.no\/de\/wp-json\/wp\/v2\/product_cat?post=1762"},{"taxonomy":"product_tag","embeddable":true,"href":"https:\/\/www.naturkultur.no\/de\/wp-json\/wp\/v2\/product_tag?post=1762"}],"curies":[{"name":"wp","href":"https:\/\/api.w.org\/{rel}","templated":true}]}}

Perles De Silence (französisch)

<p>Dans notre quotidien bousculé, nous recherchons le calme dans le silence de la nature. Là, nous trouvons le temps de nous reposer et de méditer. Durant des siècles, ces paysages infinis du nord ont inspiré les poètes en<br />
quête de réponses aux grandes questions de la vie Et à la recherche de l’expression de la beauté de l’instant.</p>

<!-- This site is optimized with the Yoast SEO plugin v27.5 - https://yoast.com/product/yoast-seo-wordpress/ -->
<title>Perles De Silence (französisch) - Natur og Kulturforlaget</title>
<meta name="robots" content="index, follow, max-snippet:-1, max-image-preview:large, max-video-preview:-1" />
<link rel="canonical" href="https://www.naturkultur.no/de/produkt/perles-de-silence-fransk/" />
<meta property="og:locale" content="de_DE" />
<meta property="og:type" content="article" />
<meta property="og:title" content="Perles De Silence (französisch) - Natur og Kulturforlaget" />
<meta property="og:description" content="Un cheminement dans le silence de la nature" />
<meta property="og:url" content="https://www.naturkultur.no/de/produkt/perles-de-silence-fransk/" />
<meta property="og:site_name" content="Natur og Kulturforlaget" />
<meta property="article:modified_time" content="2015-11-03T11:56:09+00:00" />
<meta property="og:image" content="https://www.naturkultur.no/wp-content/uploads/2015/12/10003_Perler_fransk.jpg" />
	<meta property="og:image:width" content="800" />
	<meta property="og:image:height" content="755" />
	<meta property="og:image:type" content="image/jpeg" />
<meta name="twitter:card" content="summary_large_image" />
<script type="application/ld+json" class="yoast-schema-graph">{"@context":"https:\/\/schema.org","@graph":[{"@type":"WebPage","@id":"https:\/\/www.naturkultur.no\/de\/produkt\/perles-de-silence-fransk\/","url":"https:\/\/www.naturkultur.no\/de\/produkt\/perles-de-silence-fransk\/","name":"Perles De Silence (französisch) - Natur og Kulturforlaget","isPartOf":{"@id":"https:\/\/www.naturkultur.no\/de\/#website"},"primaryImageOfPage":{"@id":"https:\/\/www.naturkultur.no\/de\/produkt\/perles-de-silence-fransk\/#primaryimage"},"image":{"@id":"https:\/\/www.naturkultur.no\/de\/produkt\/perles-de-silence-fransk\/#primaryimage"},"thumbnailUrl":"https:\/\/www.naturkultur.no\/wp-content\/uploads\/2015\/12\/10003_Perler_fransk.jpg","datePublished":"2015-11-03T10:18:16+00:00","dateModified":"2015-11-03T11:56:09+00:00","breadcrumb":{"@id":"https:\/\/www.naturkultur.no\/de\/produkt\/perles-de-silence-fransk\/#breadcrumb"},"inLanguage":"de","potentialAction":[{"@type":"ReadAction","target":["https:\/\/www.naturkultur.no\/de\/produkt\/perles-de-silence-fransk\/"]}]},{"@type":"ImageObject","inLanguage":"de","@id":"https:\/\/www.naturkultur.no\/de\/produkt\/perles-de-silence-fransk\/#primaryimage","url":"https:\/\/www.naturkultur.no\/wp-content\/uploads\/2015\/12\/10003_Perler_fransk.jpg","contentUrl":"https:\/\/www.naturkultur.no\/wp-content\/uploads\/2015\/12\/10003_Perler_fransk.jpg","width":800,"height":755},{"@type":"BreadcrumbList","@id":"https:\/\/www.naturkultur.no\/de\/produkt\/perles-de-silence-fransk\/#breadcrumb","itemListElement":[{"@type":"ListItem","position":1,"name":"Hjem","item":"https:\/\/www.naturkultur.no\/de\/"},{"@type":"ListItem","position":2,"name":"Shop","item":"https:\/\/www.naturkultur.no\/de\/shop\/"},{"@type":"ListItem","position":3,"name":"bucher","item":"https:\/\/www.naturkultur.no\/de\/produkt-kategorie\/bucher\/"},{"@type":"ListItem","position":4,"name":"Souvenirbücher","item":"https:\/\/www.naturkultur.no\/de\/produkt-kategorie\/bucher\/suvenirboeker-de\/"},{"@type":"ListItem","position":5,"name":"Der Stille Raum","item":"https:\/\/www.naturkultur.no\/de\/produkt-kategorie\/bucher\/suvenirboeker-de\/der-stille-raum\/"},{"@type":"ListItem","position":6,"name":"Perles De Silence (französisch)"}]},{"@type":"WebSite","@id":"https:\/\/www.naturkultur.no\/de\/#website","url":"https:\/\/www.naturkultur.no\/de\/","name":"Natur og Kulturforlaget","description":"Bøker, plakater og postkort av vakre Norge","publisher":{"@id":"https:\/\/www.naturkultur.no\/de\/#organization"},"potentialAction":[{"@type":"SearchAction","target":{"@type":"EntryPoint","urlTemplate":"https:\/\/www.naturkultur.no\/de\/?s={search_term_string}"},"query-input":{"@type":"PropertyValueSpecification","valueRequired":true,"valueName":"search_term_string"}}],"inLanguage":"de"},{"@type":"Organization","@id":"https:\/\/www.naturkultur.no\/de\/#organization","name":"Natur og Kulturforlaget AS","url":"https:\/\/www.naturkultur.no\/de\/","logo":{"@type":"ImageObject","inLanguage":"de","@id":"https:\/\/www.naturkultur.no\/de\/#\/schema\/logo\/image\/","url":"https:\/\/www.naturkultur.no\/wp-content\/uploads\/2015\/12\/2015_Nylogo_web.png","contentUrl":"https:\/\/www.naturkultur.no\/wp-content\/uploads\/2015\/12\/2015_Nylogo_web.png","width":350,"height":58,"caption":"Natur og Kulturforlaget AS"},"image":{"@id":"https:\/\/www.naturkultur.no\/de\/#\/schema\/logo\/image\/"}}]}</script>
<!-- / Yoast SEO plugin. -->

Perles De Silence (französisch) - Natur og Kulturforlaget

Souvenirbücher

Bøker, plakater og postkort av vakre Norge
